divisor of 156 and 12.
12
Calculate the greatest common divisor of 44142 and 28.
14
Calculate the greatest common divisor of 63 and 63.
63
What is the highest common divisor of 1804 and 205?
41
Calculate the greatest common divisor of 516 and 215.
43
Calculate the highest common divisor of 48 and 3036.
12
Calculate the highest common divisor of 54 and 297.
27
What is the highest common factor of 11074 and 98?
98
Calculate the highest common factor of 99 and 77.
11
Calculate the greatest common factor of 1587 and 345.
69
Calculate the greatest common factor of 294 and 498.
6
What is the highest common factor of 39 and 1599?
39
Calculate the highest common factor of 234 and 2184.
78
What is the greatest common factor of 760 and 456?
152
Calculate the highest common factor of 165 and 110.
55
What is the greatest common factor of 724 and 4?
4
Calculate the highest common divisor of 644 and 92.
92
What is the greatest common divisor of 8316 and 24?
12
Calculate the greatest common divisor of 10 and 130.
10
Calculate the greatest common divisor of 144 and 8.
8
Calculate the greatest common divisor of 84 and 56.
28
Calculate the highest common factor of 1558 and 304.
38
What is the highest common divisor of 98 and 4753?
49
Calculate the highest common divisor of 10 and 14.
2
Calculate the highest common divisor of 96 and 104.
8
What is the highest common factor of 183 and 12?
3
Calculate the greatest common factor of 6 and 42.
6
What is the highest common divisor of 235 and 752?
47
Calculate the highest common factor of 344 and 774.
86
Calculate the highest common factor of 1910 and 10.
10
Calculate the highest common divisor of 912 and 57.
57
What is the highest common factor of 1296 and 576?
144
What is the greatest common divisor of 14 and 3?
1
What is the highest common factor of 88 and 6094?
22
What is the highest common factor of 186 and 496?
62
Calculate the greatest common divisor of 4484 and 295.
59
What is the highest common divisor of 310 and 50?
10
What is the greatest common factor of 437 and 69?
23
Calculate the greatest common divisor of 176 and 55.
11
Calculate the greatest common factor of 15 and 135.
15
What is the greatest common divisor of 209 and 19?
19
What is the highest common divisor of 276 and 483?
69
Calculate the highest common factor of 33 and 209.
11
Calculate the greatest common divisor of 15 and 15015.
15
Calculate the greatest common divisor of 1904 and 112.
112
What is the highest common divisor of 5301 and 155?
31
What is the greatest common factor of 115 and 20815?
115
What is the highest common divisor of 182 and 1274?
182
Calculate the greatest common divisor of 1440 and 9.
9
What is the greatest common divisor of 12 and 84?
12
Calculate the greatest common divisor of 693 and 819.
63
What is the greatest common factor of 168 and 1536?
24
What is the greatest common divisor of 1612 and 620?
124
Calculate the highest common factor of 231 and 21.
21
What is the greatest common divisor of 218 and 12535?
109
Calculate the highest common divisor of 1001 and 154.
77
Calculate the highest common divisor of 64 and 92.
4
What is the highest common factor of 756 and 972?
108
What is the greatest common factor of 14 and 21?
7
Calculate the highest common factor of 1648 and 721.
103
What is the greatest common factor of 3885 and 148?
37
What is the highest common divisor of 82 and 615?
41
Calculate the greatest common factor of 525 and 1400.
175
What is the greatest common divisor of 240 and 7770?
30
What is the highest common divisor of 406 and 14?
14
Calculate the highest common divisor of 234 and 18.
18
Calculate the highest common divisor of 51 and 8466.
51
Calculate the greatest common factor of 697 and 34.
17
Calculate the greatest common divisor of 8 and 16.
8
What is the greatest common divisor of 480 and 336?
48
Calculate the greatest common divisor of 8 and 40.
8
What is the highest common divisor of 187 and 1598?
17
What is the highest common divisor of 40 and 3240?
40
What is the greatest common divisor of 3878 and 21?
7
Calculate the greatest common divisor of 156 and 702.
78
Calculate the greatest common factor of 54 and 12.
6
Calculate the greatest common divisor of 21 and 12.
3
What is the highest common divisor of 237 and 165?
3
What is the greatest common factor of 13 and 351?
13
What is the greatest common factor of 53 and 477?
53
Calculate the highest common factor of 44 and 418.
22
What is the greatest common factor of 130 and 260?
130
Calculate the greatest common factor of 305 and 45.
5
What is the highest common factor of 44 and 20?
4
What is the highest common divisor of 104 and 14794?
26
What is the greatest common factor of 437 and 57?
19
Calculate the greatest common divisor of 3422 and 118.
118
Calculate the highest common divisor of 3 and 9.
3
What is the greatest common factor of 496 and 589?
31
Calculate the greatest common divisor of 469 and 134.
67
What is the greatest common divisor of 55 and 1705?
55
Calculate the highest common divisor of 800 and 4.
4
Calculate the greatest common divisor of 403 and 39.
13
Calculate the highest common factor of 306 and 34.
34
Calculate the highest common factor of 36 and 13383.
9
Calculate the greatest common divisor of 4 and 19008.
4
Calculate the greatest common divisor of 1 and 11.
1
Calculate the greatest common factor of 7 and 7.
7
What is the highest common divisor of 182 and 1768?
26
Calculate the greatest common divisor of 10305 and 9.
9
What is the highest common factor of 24 and 27912?
24
What is the highest common factor of 1914 and 66?
66
What is the highest common factor of 309 and 48?
3
Calculate the highest common divisor of 381 and 3.
3
Calculate the highest common divisor of 168 and 294.
42
What is the greatest common divisor of 294 and 174?
6
What is the highest common divisor of 1602 and 1424?
178
Calculate the highest common factor of 18 and 114.
6
Calculate the highest common factor of 28 and 924.
28
Calculate the highest common factor of 90 and 54.
18
Calculate the greatest common divisor of 2436 and 2772.
84
What is the greatest common factor of 96 and 48?
48
What is the greatest common divisor of 1458 and 90?
18
Calculate the highest common factor of 27 and 117.
9
What is the greatest common divisor of 1743 and 18?
3
Calculate the greatest common divisor of 7 and 917.
7
Calculate the greatest common factor of 20 and 3985.
5
What is the highest common divisor of 26 and 2938?
26
What is the highest common factor of 12 and 1656?
12
Calculate the highest common factor of 8 and 24.
8
Calculate the highest common divisor of 392 and 24.
8
Calculate the highest common divisor of 4655 and 475.
95
Calculate the highest common factor of 1212 and 24.
12
What is the greatest common factor of 95 and 140?
5
What is the highest common factor of 672 and 21?
21
What is the greatest common factor of 3269 and 7?
7
What is the greatest common divisor of 66 and 24?
6
What is the greatest common divisor of 50675 and 25?
25
Calculate the greatest common divisor of 27 and 180.
9
What is the greatest common factor of 615 and 492?
123
What is the highest common factor of 14 and 1736?
14
Calculate the highest common divisor of 174 and 48.
6
Calculate the greatest common factor of 4094 and 529.
23
Calculate the highest common factor of 2 and 22.
2
What is the greatest common factor of 260 and 180?
20
Calculate the highest common factor of 120 and 11320.
40
What is the greatest common factor of 85 and 385?
5
Calculate the greatest common factor of 152 and 988.
76
What is the greatest common divisor of 429 and 66?
33
Calculate the highest common factor of 136 and 16.
8
What is the greatest common divisor of 477 and 1643?
53
Calculate the greatest common divisor of 9 and 450.
9
What is the greatest common divisor of 334 and 6?
2
Calculate the greatest common divisor of 91 and 637.
91
What is the highest common divisor of 608 and 38?
38
What is the highest common divisor of 1616 and 16?
16
What is the highest common factor of 234 and 675?
9
What is the greatest common factor of 104 and 32?
8
Calculate the highest common divisor of 21648 and 16.
16
What is the highest common divisor of 405 and 180?
45
What is the highest common divisor of 1504 and 32?
32
Calcul